ctor of 80 and 201460.
20
What is the greatest common divisor of 7859 and 13279?
271
Calculate the greatest common divisor of 95030 and 1118.
1118
Calculate the greatest common divisor of 977060 and 14.
14
Calculate the greatest common factor of 18735 and 956734.
1249
What is the greatest common factor of 132 and 185229?
33
Calculate the highest common factor of 362 and 247427.
181
Calculate the highest common factor of 5128 and 136.
8
Calculate the greatest common factor of 652 and 113122.
326
Calculate the greatest common divisor of 468 and 9529.
13
Calculate the greatest common factor of 15736 and 70.
14
What is the greatest common divisor of 1874295 and 225?
45
Calculate the highest common divisor of 226528 and 32.
32
Calculate the greatest common factor of 1988 and 852.
284
Calculate the greatest common divisor of 40831 and 1330.
133
Calculate the highest common divisor of 15510 and 3960.
330
Calculate the greatest common factor of 2322 and 3640122.
774
Calculate the highest common divisor of 648 and 100494.
54
What is the greatest common factor of 9603 and 266265?
873
What is the greatest common factor of 552 and 20010?
138
What is the greatest common factor of 1441 and 2695?
11
Calculate the greatest common divisor of 7008 and 232797.
219
Calculate the greatest common divisor of 8164 and 49244.
52
What is the highest common factor of 435 and 907845?
435
What is the greatest common divisor of 11 and 56320?
11
What is the highest common factor of 133257 and 258?
129
Calculate the highest common divisor of 6390144 and 32.
32
What is the greatest common divisor of 139000 and 120?
40
What is the highest common divisor of 35328 and 138?
138
What is the greatest common factor of 63958 and 2486?
226
Calculate the greatest common divisor of 322214 and 31.
31
Calculate the highest common divisor of 1332 and 2466.
18
Calculate the highest common factor of 452 and 181591.
113
Calculate the highest common divisor of 188 and 583740.
188
What is the greatest common divisor of 6821 and 11609?
19
Calculate the highest common factor of 1840 and 101430.
230
What is the greatest common divisor of 1865593 and 383?
383
Calculate the highest common factor of 1175 and 6275.
25
Calculate the highest common divisor of 181180 and 4.
4
What is the highest common divisor of 453 and 325254?
453
What is the greatest common divisor of 846 and 59079?
141
Calculate the greatest common factor of 1065 and 2059000.
355
Calculate the greatest common divisor of 6660 and 2548116.
1332
Calculate the greatest common factor of 8868 and 168.
12
Calculate the highest common factor of 115398 and 54.
54
Calculate the highest common divisor of 1249295 and 5.
5
Calculate the greatest common factor of 23538 and 12.
6
Calculate the greatest common factor of 134695 and 10665.
395
What is the highest common divisor of 858 and 4224?
66
What is the greatest common divisor of 3197 and 90489?
139
What is the highest common divisor of 15650988 and 12?
12
What is the highest common divisor of 989 and 55568?
23
What is the greatest common factor of 6 and 42963?
3
Calculate the highest common factor of 28 and 48853.
7
Calculate the highest common factor of 3948 and 3250191.
987
What is the greatest common factor of 65 and 137150?
65
Calculate the highest common divisor of 38078 and 790.
158
What is the greatest common divisor of 6675 and 63279?
267
Calculate the highest common divisor of 273 and 10830456.
273
Calculate the greatest common divisor of 481072 and 5136.
1712
What is the highest common divisor of 10445 and 5?
5
What is the highest common factor of 3128 and 2139?
23
Calculate the greatest common divisor of 315996 and 102.
102
What is the greatest common divisor of 80 and 7424?
16
Calculate the highest common factor of 40937 and 201.
67
Calculate the highest common divisor of 6751250 and 66.
22
Calculate the greatest common divisor of 22 and 38159.
11
What is the greatest common factor of 38849 and 16859?
733
Calculate the highest common divisor of 3362 and 58.
2
Calculate the greatest common factor of 81 and 90585.
27
What is the greatest common divisor of 84 and 59244?
12
Calculate the greatest common factor of 1952 and 130723.
61
Calculate the highest common factor of 101817 and 54.
27
Calculate the greatest common factor of 807516 and 24.
12
Calculate the greatest common divisor of 839738 and 7032.
586
What is the greatest common factor of 51119 and 16337?
527
Calculate the greatest common divisor of 1024 and 10816.
64
Calculate the highest common factor of 22 and 3054403.
11
Calculate the greatest common divisor of 1088 and 3672.
136
Calculate the greatest common divisor of 71040 and 48.
48
What is the greatest common factor of 114 and 343026?
114
What is the highest common divisor of 90694 and 411?
137
Calculate the greatest common factor of 2392 and 285246.
598
What is the greatest common divisor of 598 and 14122?
46
Calculate the greatest common divisor of 39116 and 381.
127
Calculate the highest common divisor of 47 and 25803.
47
What is the greatest common divisor of 6985 and 19250?
55
What is the greatest common divisor of 94 and 4018?
2
What is the greatest common factor of 3061641 and 2166?
1083
Calculate the highest common factor of 213891 and 996.
249
What is the highest common divisor of 84 and 147?
21
Calculate the highest common factor of 375200 and 896.
224
What is the greatest common divisor of 240 and 399260?
20
What is the highest common divisor of 252 and 177436?
28
What is the greatest common divisor of 364431 and 662?
331
What is the highest common divisor of 44 and 78716?
44
Calculate the highest common factor of 8950 and 47256.
358
What is the highest common factor of 217 and 20088?
31
Calculate the greatest common divisor of 279032 and 104.
104
Calculate the highest common divisor of 1053 and 44525.
13
Calculate the highest common factor of 110588 and 8.
4
What is the highest common divisor of 558 and 1272798?
558
What is the highest common factor of 323930 and 290?
290
Calculate the highest common factor of 15800 and 600.
200
Calculate the highest common factor of 32275 and 10.
5
Calculate the highest common factor of 14 and 259224.
14
What is the greatest common divisor of 31440 and 100?
20
Calculate the highest common factor of 2229 and 1260871.
743
Calculate the greatest common divisor of 64610 and 10990.
70
What is the greatest common divisor of 1909000 and 100?
100
Calculate the greatest common factor of 77 and 5844993.
77
What is the highest common factor of 45 and 2025630?
45
What is the highest common factor of 10 and 1533150?
10
What is the highest common factor of 4194 and 8621?
233
Calculate the highest common factor of 183833 and 1817.
79
What is the greatest common divisor of 3332 and 3859?
17
What is the greatest common factor of 1120 and 5215?
35
What is the highest common factor of 263258 and 531?
59
Calculate the highest common factor of 3 and 62663.
1
Calculate the greatest common factor of 123 and 638247.
123
What is the greatest common factor of 5985 and 188860?
665
Calculate the greatest common factor of 3516 and 132.
12
Calculate the highest common factor of 36 and 43154712.
36
What is the highest common factor of 108475 and 50?
25
What is the greatest common divisor of 1791 and 2826?
9
What is the greatest common factor of 2080 and 26080?
160
Calculate the highest common divisor of 8124 and 852.
12
Calculate the greatest common divisor of 60 and 78040.
20
What is the highest common divisor of 45 and 66213?
9
Calculate the greatest common factor of 5654 and 3938.
22
Calculate the greatest common divisor of 1444 and 5054.
722
What is the greatest common divisor of 770 and 6230?
70
What is the greatest common factor of 2559891 and 1095?
219
What is the highest common factor of 303 and 94839?
303
What is the highest common factor of 756 and 33588?
108
What is the highest common factor of 4081 and 18711?
77
Calculate the highest common divisor of 12 and 3728796.
12
Calculate the highest common factor of 66418 and 473.
11
Calculate the highest common divisor of 405 and 10020.
15
What is the highest common divisor of 585 and 5135?
65
Calculate the highest common divisor of 66 and 38412.
66
Calculate the greatest common divisor of 376 and